{"id":1411,"date":"2024-04-01T11:29:01","date_gmt":"2024-04-01T09:29:01","guid":{"rendered":"https:\/\/cnss.cd\/?page_id=1411"},"modified":"2024-05-03T22:41:56","modified_gmt":"2024-05-03T20:41:56","slug":"prestation-aux-familles","status":"publish","type":"page","link":"https:\/\/cnss.cd\/?page_id=1411","title":{"rendered":"Prestation aux familles"},"content":{"rendered":"\t\t<div data-elementor-type=\"wp-page\" data-elementor-id=\"1411\" class=\"elementor elementor-1411\" data-elementor-post-type=\"page\">\n\t\t\t\t<div class=\"elementor-element elementor-element-729f4c7 e-con-full e-flex qodef-elementor-content-no e-con e-parent\" data-id=\"729f4c7\" data-element_type=\"container\" data-e-type=\"container\">\n\t\t\t\t<div class=\"elementor-element elementor-element-37c0957 elementor-widget elementor-widget-heading\" data-id=\"37c0957\" data-element_type=\"widget\" data-e-type=\"widget\" data-widget_type=\"heading.default\">\n\t\t\t\t<div class=\"elementor-widget-container\">\n\t\t\t\t\t<h2 class=\"elementor-heading-title elementor-size-default\">Prestation aux familles<\/h2>\t\t\t\t<\/div>\n\t\t\t\t<\/div>\n\t\t\t\t<div class=\"elementor-element elementor-element-6d8fb33 elementor-widget-divider--view-line elementor-widget elementor-widget-divider\" data-id=\"6d8fb33\" data-element_type=\"widget\" data-e-type=\"widget\" data-widget_type=\"divider.default\">\n\t\t\t\t<div class=\"elementor-widget-container\">\n\t\t\t\t\t\t\t<div class=\"elementor-divider\">\n\t\t\t<span class=\"elementor-divider-separator\">\n\t\t\t\t\t\t<\/span>\n\t\t<\/div>\n\t\t\t\t\t\t<\/div>\n\t\t\t\t<\/div>\n\t\t\t\t<div class=\"elementor-element elementor-element-790d174 elementor-widget elementor-widget-spacer\" data-id=\"790d174\" data-element_type=\"widget\" data-e-type=\"widget\" data-widget_type=\"spacer.default\">\n\t\t\t\t<div class=\"elementor-widget-container\">\n\t\t\t\t\t\t\t<div class=\"elementor-spacer\">\n\t\t\t<div class=\"elementor-spacer-inner\"><\/div>\n\t\t<\/div>\n\t\t\t\t\t\t<\/div>\n\t\t\t\t<\/div>\n\t\t\t\t<div class=\"elementor-element elementor-element-13b89be elementor-widget elementor-widget-spacer\" data-id=\"13b89be\" data-element_type=\"widget\" data-e-type=\"widget\" data-widget_type=\"spacer.default\">\n\t\t\t\t<div class=\"elementor-widget-container\">\n\t\t\t\t\t\t\t<div class=\"elementor-spacer\">\n\t\t\t<div class=\"elementor-spacer-inner\"><\/div>\n\t\t<\/div>\n\t\t\t\t\t\t<\/div>\n\t\t\t\t<\/div>\n\t\t\t\t<div class=\"elementor-element elementor-element-8f1c144 elementor-widget elementor-widget-text-editor\" data-id=\"8f1c144\" data-element_type=\"widget\" data-e-type=\"widget\" data-widget_type=\"text-editor.default\">\n\t\t\t\t<div class=\"elementor-widget-container\">\n\t\t\t\t\t\t\t\t\t<p style=\"font-weight: 400;\">Les\u00a0<strong>prestations aux familles<\/strong>\u00a0ont pour but d\u2019aider le travailleur \u00e0 faire face \u00e0 ses charges familiales et promouvoir la protection maternelle et infantile, ainsi que l\u2019\u00e9ducation des enfants.<\/p><p style=\"font-weight: 400;\">Les diff\u00e9rentes cat\u00e9gories de Prestations aux Familles pr\u00e9vues par la Loi sont\u00a0:<\/p><ul><li><em>Les allocations pr\u00e9natales\u00a0;<\/em><\/li><li><em>Les allocations de maternit\u00e9\u00a0;<\/em><\/li><li><em>Les indemnit\u00e9s journali\u00e8res de cong\u00e9 de maternit\u00e9 ; et<\/em><\/li><li><em>Les allocations familiales.<\/em><\/li><\/ul><ol><li style=\"font-weight: 400;\"><strong> Les allocations pr\u00e9natales\u00a0<\/strong><\/li><\/ol><p style=\"font-weight: 400;\"><strong>Qu\u2019est-ce que les allocations pr\u00e9natales\u00a0?<\/strong><\/p><p style=\"font-weight: 400;\">Ce sont des sommes d\u2019argent vers\u00e9es \u00e0 la femme assur\u00e9e ou \u00e0 la conjointe d\u2019un assur\u00e9 en \u00e9tat de grossesse.<\/p><p style=\"font-weight: 400;\"><strong>A quoi servent les allocations pr\u00e9natales\u00a0?<\/strong><\/p><p style=\"font-weight: 400;\">Elles servent \u00e0 assurer la surveillance m\u00e9dicale des grossesses et garantir les meilleures conditions d\u2019hygi\u00e8ne et de sant\u00e9 \u00e0 la m\u00e8re et \u00e0 l\u2019enfant.<\/p><p style=\"font-weight: 400;\"><strong><em>Quand prennent-t-elles effet\u00a0?<\/em><\/strong><\/p><p style=\"font-weight: 400;\">Elles sont dues pour les neufs mois de la grossesse et prennent effet \u00e0 compter du jour de la d\u00e9claration de la grossesse \u00e0 la Caisse.<\/p><p style=\"font-weight: 400;\"><strong>A qui sont-elles pay\u00e9es\u00a0?<\/strong><\/p><p style=\"font-weight: 400;\">Elles sont pay\u00e9es \u00e0 la femme assur\u00e9e ou \u00e0 la conjointe d\u2019un travailleur assur\u00e9.<\/p><p style=\"font-weight: 400;\"><strong>Quand sont-elles pay\u00e9es\u00a0?<\/strong><\/p><p style=\"font-weight: 400;\">Aux 3<sup>\u00e8me<\/sup>, 6<sup>\u00e8me<\/sup>\u00a0et 8<sup>\u00e8me<\/sup>\u00a0mois de la grossesse.<\/p><p style=\"font-weight: 400;\"><strong>Quelles sont les conditions pour en b\u00e9n\u00e9ficier\u00a0?<\/strong><\/p><ul><li>Etre immatricul\u00e9 \u00e0 la CNSS\u00a0;<\/li><li>Justifier d\u2019une activit\u00e9 professionnelle pendant 3 mois cons\u00e9cutifs au minimum chez un ou plusieurs employeurs\u00a0;<\/li><li>Etre en r\u00e8gle de cotisations \u00e0 la Caisse\u00a0;<\/li><li>Avoir accompli au moins 15 jours ou 120 heures de temps de pr\u00e9sence au service par mois.<\/li><\/ul><p style=\"font-weight: 400;\"><strong>Quelles sont les formalit\u00e9s \u00e0 remplir\u00a0?<\/strong><\/p><ul><li>D\u00e9clarer, dans les 3 mois, la grossesse \u00e0 la Caisse au moyen du formulaire appropri\u00e9 en y annexant un certificat m\u00e9dical attestant la dite grossesse,<\/li><li>Pr\u00e9senter \u00e0 la Caisse le livret de grossesse contenant les feuillets, dument remplis par le personnel de sant\u00e9 habilit\u00e9, relatifs \u00e0 chaque visite m\u00e9dicale exig\u00e9e par la Loi,<\/li><li>Avoir subi, aux 1<sup>er<\/sup>et 2<sup>nd<\/sup>\u00a0trimestres de la grossesse, des contr\u00f4les effectu\u00e9s par un m\u00e9decin agr\u00e9\u00e9 ou d\u00e9sign\u00e9 par la Caisse.<\/li><\/ul><p style=\"font-weight: 400;\"><strong>Quel est le montant pay\u00e9 pour les allocations pr\u00e9natales\u00a0?<\/strong><\/p><p style=\"font-weight: 400;\">16200 FC par tranche<\/p><ol start=\"2\"><li style=\"font-weight: 400;\"><strong> Les allocations de maternit\u00e9<\/strong><\/li><\/ol><p style=\"font-weight: 400;\"><strong>Qu\u2019est-ce que les allocations de maternit\u00e9 ?<\/strong><\/p><p style=\"font-weight: 400;\">L\u2019allocation de maternit\u00e9 est une allocation vers\u00e9e \u00e0 toute femme assur\u00e9e ou conjointe d\u2019un travailleur assur\u00e9 qui donne naissance \u00e0 un enfant sous contr\u00f4le m\u00e9dical.<\/p><p style=\"font-weight: 400;\"><strong>A qui la paye-t-on\u00a0?<\/strong><\/p><p style=\"font-weight: 400;\">Elle est pay\u00e9e \u00e0 la femme elle-m\u00eame ou \u00e0 la personne qui s\u2019occupe de l\u2019enfant en cas de d\u00e9c\u00e8s de la m\u00e8re.<\/p><p style=\"font-weight: 400;\"><strong>Quand doit-elle \u00eatre pay\u00e9e\u00a0?<\/strong><\/p><p style=\"font-weight: 400;\">Elle est pay\u00e9e une seule fois \u00e0 la naissance de l\u2019enfant.<\/p><p style=\"font-weight: 400;\"><strong>Quelles sont les conditions pour en b\u00e9n\u00e9ficier\u00a0?<\/strong><\/p><ul><li>Avoir donn\u00e9 naissance \u00e0 un enfant\u00a0;<\/li><li>Produire un certificat attestant que l\u2019accouchement s\u2019est produit sous contr\u00f4le m\u00e9dical.<\/li><\/ul><p style=\"font-weight: 400;\"><strong>Quelles sont les formalit\u00e9s \u00e0 accomplir\u00a0?<\/strong><\/p><p style=\"font-weight: 400;\">Introduire une demande d\u2019allocation de maternit\u00e9 au moyen du formulaire appropri\u00e9 fourni par la Caisse.<\/p><p style=\"font-weight: 400;\"><em>En cas de naissance multiple, chaque naissance est consid\u00e9r\u00e9e comme une maternit\u00e9 distincte.<\/em><\/p><p style=\"font-weight: 400;\"><strong>Quel est le montant pay\u00e9 pour l\u2019allocation de maternit\u00e9\u00a0?<\/strong><\/p><p style=\"font-weight: 400;\">Actuellement, le montant pay\u00e9 est de 72000 Francs Congolais par naissance.<\/p><ol start=\"3\"><li style=\"font-weight: 400;\">Les indemnit\u00e9s journali\u00e8res de cong\u00e9 de maternit\u00e9<\/li><\/ol><p style=\"font-weight: 400;\">L\u2019indemnit\u00e9 journali\u00e8re de cong\u00e9 de maternit\u00e9 est une prestation octroy\u00e9e \u00e0 la femme salari\u00e9e pendant son cong\u00e9 de maternit\u00e9 qui est de six (6) semaines avant l\u2019accouchement et huit (8) semaines apr\u00e8s l\u2019accouchement, avec une possibilit\u00e9 de prolongation de 21 jours maximum par suite d\u2019une maladie cons\u00e9cutive aux couches.<\/p><p style=\"font-weight: 400;\"><strong>Qui peut b\u00e9n\u00e9ficier de l\u2019Indemnit\u00e9 Journali\u00e8re de Cong\u00e9 de Maternit\u00e9?<\/strong><\/p><ul><li>La femme salari\u00e9e en cong\u00e9 de maternit\u00e9.<\/li><\/ul><p style=\"font-weight: 400;\"><strong>A combien s\u2019\u00e9l\u00e8ve-t-elle\u00a0?<\/strong><\/p><ul><li>Elle est \u00e9gale \u00e0 l\u2019int\u00e9gralit\u00e9 de la r\u00e9mun\u00e9ration journali\u00e8re moyenne soumise \u00e0 cotisation pour les trois derniers mois.<\/li><\/ul><p style=\"font-weight: 400;\"><strong>A quelles conditions est-elle pay\u00e9e\u00a0?<\/strong><\/p><ul><li>accomplir au moins 12 mois de service avant l\u2019introduction de la demande\u00a0;<\/li><li>arr\u00eater effectivement de travailler\u00a0;<\/li><li>ne pas b\u00e9n\u00e9ficier du salaire pendant la p\u00e9riode de cong\u00e9.<\/li><\/ul><p style=\"font-weight: 400;\"><strong>Quelles sont les formalit\u00e9s \u00e0 accomplir\u00a0?<\/strong><\/p><ul><li>introduire la demande au cours des 12 mois allant de l\u2019ouverture du droit<\/li><li>fournir les documents n\u00e9cessaires notamment la notification de d\u00e9part en cong\u00e9, la d\u00e9cision de non payement de salaire de la part de l\u2019employeur, le certificat de naissance.<\/li><\/ul><p style=\"font-weight: 400;\"><em>En cas de non suspension du paiement du salaire par l\u2019employeur pendant le cong\u00e9 de maternit\u00e9, ce dernier est subrog\u00e9 au droit de la femme salari\u00e9e \u00e0 condition d\u2019\u00eatre \u00e0 jour avec ses cotisations.<\/em><\/p><ol start=\"4\"><li style=\"font-weight: 400;\">Les allocations familiales<\/li><\/ol><p style=\"font-weight: 400;\"><strong>Que peut-on entendre par allocation familiale\u00a0?<\/strong><\/p><ul><li>C\u2019est une prestation en esp\u00e8ces accord\u00e9e par la CNSS \u00e0 tout travailleur assur\u00e9 ayant des enfants \u00e0 charge.<\/li><\/ul><p style=\"font-weight: 400;\">N.B. Les enfants \u00e0 charge sont ceux d\u00e9finis par le Code de la Famille jusqu\u2019\u00e0 l\u2019\u00e2ge de 25 ans, sauf cas d\u2019invalidit\u00e9.<\/p><p style=\"font-weight: 400;\"><strong>A quelles conditions peut-on s\u2019attendre au paiement des Allocations Familiales\u00a0?<\/strong><\/p><ul><li>Etre immatricul\u00e9 \u00e0 la CNSS\u00a0;<\/li><li>Justifier d\u2019une activit\u00e9 professionnelle pendant 3 mois cons\u00e9cutifs au minimum chez un ou plusieurs employeurs\u00a0;<\/li><li>Etre en r\u00e8gle de cotisations \u00e0 la Caisse\u00a0;<\/li><li>Avoir accompli au moins 15 jours ou 120 heures de temps de pr\u00e9sence au service par mois.<\/li><li>Avoir un ou plusieurs enfants \u00e0 charge.<\/li><\/ul><p style=\"font-weight: 400;\"><strong>Quelles sont les formalit\u00e9s \u00e0 remplir\u00a0?<\/strong><\/p><ol><li><u>Pour le travailleur<\/u><\/li><\/ol><ul><li>Etre en ordre de versement des cotisations\u00a0;<\/li><li>Introduire une d\u00e9claration de composition familiale et informer la Caisse de toute modification de celle-ci en termes quantitatifs (naissance et d\u00e9c\u00e8s) et en termes qualitatifs (\u00e2ge et mariage).<\/li><\/ul><ol><li><u>Pour l\u2019enfant<\/u><\/li><\/ol><ul><li>D\u00e8s sa naissance jusqu\u2019\u00e0 l\u2019\u00e2ge scolaire, produire annuellement un certificat m\u00e9dical ou un certificat de vie lorsqu\u2019il n\u2019existe pas localement une formation m\u00e9dicale agr\u00e9\u00e9e par le service public.<\/li><li>A l\u2019\u00e2ge scolaire, produire annuellement un certificat de scolarit\u00e9 ou de fr\u00e9quentation ou encore un certificat m\u00e9dical d\u2019inaptitude \u00e0 poursuivre un cursus scolaire normal, selon le cas.<\/li><\/ul><p style=\"font-weight: 400;\"><em>L\u2019interruption du travail pour cause de maladie ou d\u2019accident n\u2019entraine pas l\u2019interruption du paiement des Allocations Familiales.<\/em><\/p><p style=\"font-weight: 400;\"><strong>Quelle attitude la CNSS adopte-t-elle face au cas d\u2019un enfant n\u2019ayant pas fini ses \u00e9tudes \u00e0 25 ans\u00a0?<\/strong><\/p><p style=\"font-weight: 400;\">Apr\u00e8s 25 ans, la CNSS arr\u00eate automatiquement le paiement des Allocations Familiales quel que soit le cycle scolaire dans lequel l\u2019enfant se trouve encore, sauf en cas d\u2019invalidit\u00e9 prouv\u00e9e.<\/p><p style=\"font-weight: 400;\"><strong>Quand commence le processus de liquidation des Allocations Familiales\u00a0?<\/strong><\/p><ul><li>D\u00e8s que la naissance de l\u2019enfant est notifi\u00e9e \u00e0 la Caisse par l\u2019employeur ou le travailleur, pour les enfants l\u00e9gitimes<\/li><li>D\u00e8s que l\u2019adoption est notifi\u00e9e \u00e0 la Caisse par l\u2019employeur ou le travailleur, pour les enfants ill\u00e9gitimes<\/li><\/ul><p style=\"font-weight: 400;\"><strong>Peut-on payer en m\u00eame temps les Allocations Familiales et Allocations Pr\u00e9natales\u00a0?<\/strong><\/p><p style=\"font-weight: 400;\">Les deux prestations ne sont pas cumulables. Elles sont distinctes et le paiement des Allocations Familiales doit intervenir apr\u00e8s qu\u2019on ait apur\u00e9 le paiement des allocations pr\u00e9natales.<\/p><p style=\"font-weight: 400;\"><strong>A quelle p\u00e9riodicit\u00e9 intervient le paiement des Allocations Familiales\u00a0?<\/strong><\/p><p style=\"font-weight: 400;\">Elles sont pay\u00e9es trimestriellement.<\/p><p style=\"font-weight: 400;\"><strong>A qui sont-elles pay\u00e9es\u00a0?<\/strong><\/p><p style=\"font-weight: 400;\">Elles sont pay\u00e9es directement par la Caisse au p\u00e8re, \u00e0 la m\u00e8re ou \u00e0 la personne d\u00e9sign\u00e9e conform\u00e9ment \u00e0 la Loi.<\/p><p style=\"font-weight: 400;\"><strong>Que fait la Caisse s\u2019il est constat\u00e9 au cours du mois la mort d\u2019un enfant\u00a0?<\/strong><\/p><p style=\"font-weight: 400;\">La Caisse consid\u00e8re le mois entam\u00e9 par l\u2019enfant avant son d\u00e9c\u00e8s et le paie int\u00e9gralement.<\/p><p style=\"font-weight: 400;\"><strong>A combien s\u2019\u00e9l\u00e8ve le montant pay\u00e9 pour les allocations familiales\u00a0?<\/strong><\/p><p style=\"font-weight: 400;\">Actuellement, le montant s\u2019\u00e9l\u00e8ve \u00e0 8.100 Francs Congolais par enfant et par mois.<\/p><p style=\"font-weight: 400;\"><em>Le droit aux prestations aux familles court pour une dur\u00e9e d\u2019une ann\u00e9e partant de la date de l\u2019\u00e9ventualit\u00e9 donnant naissance \u00e0 ce droit.<\/em><\/p>\t\t\t\t\t\t\t\t<\/div>\n\t\t\t\t<\/div>\n\t\t\t\t<\/div>\n\t\t\t\t<\/div>\n\t\t","protected":false},"excerpt":{"rendered":"<p>Prestation aux familles Les\u00a0prestations aux familles\u00a0ont pour but d\u2019aider le travailleur \u00e0 faire face \u00e0 ses charges familiales et promouvoir la protection maternelle et infantile, ainsi que l\u2019\u00e9ducation des enfants. [&hellip;]<\/p>\n","protected":false},"author":4,"featured_media":0,"parent":0,"menu_order":0,"comment_status":"closed","ping_status":"closed","template":"elementor_header_footer","meta":{"_kadence_starter_templates_imported_post":false,"jetpack_post_was_ever_published":false,"footnotes":""},"class_list":["post-1411","page","type-page","status-publish","hentry"],"yoast_head":"<!-- This site is optimized with the Yoast SEO plugin v27.4 - https:\/\/yoast.com\/product\/yoast-seo-wordpress\/ -->\n<title>Prestation aux familles - Caisse Nationale de S\u00e9curit\u00e9 Sociale<\/title>\n<meta name=\"robots\" content=\"index, follow, max-snippet:-1, max-image-preview:large, max-video-preview:-1\" \/>\n<link rel=\"canonical\" href=\"https:\/\/cnss.cd\/?page_id=1411\" \/>\n<meta property=\"og:locale\" content=\"fr_FR\" \/>\n<meta property=\"og:type\" content=\"article\" \/>\n<meta property=\"og:title\" content=\"Prestation aux familles - Caisse Nationale de S\u00e9curit\u00e9 Sociale\" \/>\n<meta property=\"og:description\" content=\"Prestation aux familles Les\u00a0prestations aux familles\u00a0ont pour but d\u2019aider le travailleur \u00e0 faire face \u00e0 ses charges familiales et promouvoir la protection maternelle et infantile, ainsi que l\u2019\u00e9ducation des enfants. [&hellip;]\" \/>\n<meta property=\"og:url\" content=\"https:\/\/cnss.cd\/?page_id=1411\" \/>\n<meta property=\"og:site_name\" content=\"Caisse Nationale de S\u00e9curit\u00e9 Sociale\" \/>\n<meta property=\"article:modified_time\" content=\"2024-05-03T20:41:56+00:00\" \/>\n<meta name=\"twitter:card\" content=\"summary_large_image\" \/>\n<meta name=\"twitter:label1\" content=\"Dur\u00e9e de lecture estim\u00e9e\" \/>\n\t<meta name=\"twitter:data1\" content=\"6 minutes\" \/>\n<script type=\"application\/ld+json\" class=\"yoast-schema-graph\">{\"@context\":\"https:\\\/\\\/schema.org\",\"@graph\":[{\"@type\":\"WebPage\",\"@id\":\"https:\\\/\\\/cnss.cd\\\/?page_id=1411\",\"url\":\"https:\\\/\\\/cnss.cd\\\/?page_id=1411\",\"name\":\"Prestation aux familles - Caisse Nationale de S\u00e9curit\u00e9 Sociale\",\"isPartOf\":{\"@id\":\"https:\\\/\\\/cnss.cd\\\/#website\"},\"datePublished\":\"2024-04-01T09:29:01+00:00\",\"dateModified\":\"2024-05-03T20:41:56+00:00\",\"breadcrumb\":{\"@id\":\"https:\\\/\\\/cnss.cd\\\/?page_id=1411#breadcrumb\"},\"inLanguage\":\"fr-FR\",\"potentialAction\":[{\"@type\":\"ReadAction\",\"target\":[\"https:\\\/\\\/cnss.cd\\\/?page_id=1411\"]}]},{\"@type\":\"BreadcrumbList\",\"@id\":\"https:\\\/\\\/cnss.cd\\\/?page_id=1411#breadcrumb\",\"itemListElement\":[{\"@type\":\"ListItem\",\"position\":1,\"name\":\"Accueil\",\"item\":\"https:\\\/\\\/cnss.cd\\\/\"},{\"@type\":\"ListItem\",\"position\":2,\"name\":\"Prestation aux familles\"}]},{\"@type\":\"WebSite\",\"@id\":\"https:\\\/\\\/cnss.cd\\\/#website\",\"url\":\"https:\\\/\\\/cnss.cd\\\/\",\"name\":\"Caisse Nationale de S\u00e9curit\u00e9 Sociale\",\"description\":\"Une s\u00e9curit\u00e9 pour aujourd&#039;hui et demain\",\"publisher\":{\"@id\":\"https:\\\/\\\/cnss.cd\\\/#organization\"},\"potentialAction\":[{\"@type\":\"SearchAction\",\"target\":{\"@type\":\"EntryPoint\",\"urlTemplate\":\"https:\\\/\\\/cnss.cd\\\/?s={search_term_string}\"},\"query-input\":{\"@type\":\"PropertyValueSpecification\",\"valueRequired\":true,\"valueName\":\"search_term_string\"}}],\"inLanguage\":\"fr-FR\"},{\"@type\":\"Organization\",\"@id\":\"https:\\\/\\\/cnss.cd\\\/#organization\",\"name\":\"Caisse Nationale de S\u00e9curit\u00e9 Sociale\",\"url\":\"https:\\\/\\\/cnss.cd\\\/\",\"logo\":{\"@type\":\"ImageObject\",\"inLanguage\":\"fr-FR\",\"@id\":\"https:\\\/\\\/cnss.cd\\\/#\\\/schema\\\/logo\\\/image\\\/\",\"url\":\"https:\\\/\\\/cnss.cd\\\/wp-content\\\/uploads\\\/2025\\\/01\\\/LOGO-CNSSPDF_preview_rev_1.png\",\"contentUrl\":\"https:\\\/\\\/cnss.cd\\\/wp-content\\\/uploads\\\/2025\\\/01\\\/LOGO-CNSSPDF_preview_rev_1.png\",\"width\":634,\"height\":395,\"caption\":\"Caisse Nationale de S\u00e9curit\u00e9 Sociale\"},\"image\":{\"@id\":\"https:\\\/\\\/cnss.cd\\\/#\\\/schema\\\/logo\\\/image\\\/\"}}]}<\/script>\n<!-- \/ Yoast SEO plugin. -->","yoast_head_json":{"title":"Prestation aux familles - Caisse Nationale de S\u00e9curit\u00e9 Sociale","robots":{"index":"index","follow":"follow","max-snippet":"max-snippet:-1","max-image-preview":"max-image-preview:large","max-video-preview":"max-video-preview:-1"},"canonical":"https:\/\/cnss.cd\/?page_id=1411","og_locale":"fr_FR","og_type":"article","og_title":"Prestation aux familles - Caisse Nationale de S\u00e9curit\u00e9 Sociale","og_description":"Prestation aux familles Les\u00a0prestations aux familles\u00a0ont pour but d\u2019aider le travailleur \u00e0 faire face \u00e0 ses charges familiales et promouvoir la protection maternelle et infantile, ainsi que l\u2019\u00e9ducation des enfants. [&hellip;]","og_url":"https:\/\/cnss.cd\/?page_id=1411","og_site_name":"Caisse Nationale de S\u00e9curit\u00e9 Sociale","article_modified_time":"2024-05-03T20:41:56+00:00","twitter_card":"summary_large_image","twitter_misc":{"Dur\u00e9e de lecture estim\u00e9e":"6 minutes"},"schema":{"@context":"https:\/\/schema.org","@graph":[{"@type":"WebPage","@id":"https:\/\/cnss.cd\/?page_id=1411","url":"https:\/\/cnss.cd\/?page_id=1411","name":"Prestation aux familles - Caisse Nationale de S\u00e9curit\u00e9 Sociale","isPartOf":{"@id":"https:\/\/cnss.cd\/#website"},"datePublished":"2024-04-01T09:29:01+00:00","dateModified":"2024-05-03T20:41:56+00:00","breadcrumb":{"@id":"https:\/\/cnss.cd\/?page_id=1411#breadcrumb"},"inLanguage":"fr-FR","potentialAction":[{"@type":"ReadAction","target":["https:\/\/cnss.cd\/?page_id=1411"]}]},{"@type":"BreadcrumbList","@id":"https:\/\/cnss.cd\/?page_id=1411#breadcrumb","itemListElement":[{"@type":"ListItem","position":1,"name":"Accueil","item":"https:\/\/cnss.cd\/"},{"@type":"ListItem","position":2,"name":"Prestation aux familles"}]},{"@type":"WebSite","@id":"https:\/\/cnss.cd\/#website","url":"https:\/\/cnss.cd\/","name":"Caisse Nationale de S\u00e9curit\u00e9 Sociale","description":"Une s\u00e9curit\u00e9 pour aujourd&#039;hui et demain","publisher":{"@id":"https:\/\/cnss.cd\/#organization"},"potentialAction":[{"@type":"SearchAction","target":{"@type":"EntryPoint","urlTemplate":"https:\/\/cnss.cd\/?s={search_term_string}"},"query-input":{"@type":"PropertyValueSpecification","valueRequired":true,"valueName":"search_term_string"}}],"inLanguage":"fr-FR"},{"@type":"Organization","@id":"https:\/\/cnss.cd\/#organization","name":"Caisse Nationale de S\u00e9curit\u00e9 Sociale","url":"https:\/\/cnss.cd\/","logo":{"@type":"ImageObject","inLanguage":"fr-FR","@id":"https:\/\/cnss.cd\/#\/schema\/logo\/image\/","url":"https:\/\/cnss.cd\/wp-content\/uploads\/2025\/01\/LOGO-CNSSPDF_preview_rev_1.png","contentUrl":"https:\/\/cnss.cd\/wp-content\/uploads\/2025\/01\/LOGO-CNSSPDF_preview_rev_1.png","width":634,"height":395,"caption":"Caisse Nationale de S\u00e9curit\u00e9 Sociale"},"image":{"@id":"https:\/\/cnss.cd\/#\/schema\/logo\/image\/"}}]}},"jetpack_sharing_enabled":true,"_links":{"self":[{"href":"https:\/\/cnss.cd\/index.php?rest_route=\/wp\/v2\/pages\/1411","targetHints":{"allow":["GET"]}}],"collection":[{"href":"https:\/\/cnss.cd\/index.php?rest_route=\/wp\/v2\/pages"}],"about":[{"href":"https:\/\/cnss.cd\/index.php?rest_route=\/wp\/v2\/types\/page"}],"author":[{"embeddable":true,"href":"https:\/\/cnss.cd\/index.php?rest_route=\/wp\/v2\/users\/4"}],"replies":[{"embeddable":true,"href":"https:\/\/cnss.cd\/index.php?rest_route=%2Fwp%2Fv2%2Fcomments&post=1411"}],"version-history":[{"count":8,"href":"https:\/\/cnss.cd\/index.php?rest_route=\/wp\/v2\/pages\/1411\/revisions"}],"predecessor-version":[{"id":2401,"href":"https:\/\/cnss.cd\/index.php?rest_route=\/wp\/v2\/pages\/1411\/revisions\/2401"}],"wp:attachment":[{"href":"https:\/\/cnss.cd\/index.php?rest_route=%2Fwp%2Fv2%2Fmedia&parent=1411"}],"curies":[{"name":"wp","href":"https:\/\/api.w.org\/{rel}","templated":true}]}}